26 - -15 - (7 - 26).
8
-1 + (3 + 1 - -2) + 1
6
Evaluate -1 - (-19 - (7 - (12 + 0 + -2))).
15
Evaluate (98 - 93) + -29 + 0.
-24
Calculate (11 - (-9 - 1 - -21)) + 2 + 2.
4
What is the value of 3 + 31 + 32 + -45?
21
What is -11 + 42 + -7 - 5?
19
What is the value of -22 + (71 - 21) - 42?
-14
Evaluate 5 + -4 + 5 + (9 - 21).
-6
Evaluate 5 + -5 + -20 + 17.
-3
What is (5 - 5) + -9 + (-5 - (-1 - -4))?
-17
Evaluate -2 + (-2 + -2 - -4).
-2
(-5 - -7 - -1) + -8 + 9
4
Evaluate 19 - (2 - 0 - -19).
-2
Evaluate (418 - 429) + -1 + -1 + 37.
24
Calculate 2 + (39 - 24) + -12.
5
-26 + 27 + 3 - 23
-19
-9 + (0 - 8 - -12 - -9 - 5)
-1
Calculate 1 + 0 - (7 - 21 - -28).
-13
What is 0 - -7 - (17 + (-7 - (1 + -5)))?
-7
What is 0 - (-4 - -3) - (-3 - (25 - 10))?
19
What is 18 + -1 + -42 + 42?
17
48 + -57 - (9 - 1)
-17
Calculate 1 - -2 - (10 - 17 - -9).
1
Evaluate -45 + 55 + (-12 - -7 - (0 - 0)).
5
Calculate -9 + (-3 - -28) - 2.
14
12 + -6 - (-4 - -1)
9
Evaluate -2 + (1 - 5) + -11.
-17
-34 - -2 - (93 - 113)
-12
What is the value of 10 + -1 + (5 - (3 + -4 + 4))?
11
What is the value of (1 + 16 + -18 - (-10 - 2)) + -35?
-24
(-31 - 5 - -47) + 1 + 1
13
7 + (3 + -13 - 1) + (-7 - 2)
-13
What is the value of (-2 - -3 - (-7 + -7 - -23)) + 0?
-8
Calculate 3 + (-6 - 1) + 20 + -19.
-3
Calculate 14 + 4 + -33 - -35.
20
What is 15 - (-1 - (-49 + 28))?
-5
Evaluate (-9 + 15 + 1 + -5 - 10) + 11.
3
What is the value of (-30 - -19 - 5) + (0 - 3)?
-19
What is the value of (82 - 67) + -18 + 1 + 10?
8
-8 + -16 + 61 + -22
15
-2 + (-2 - -6) - (57 - 74)
19
What is 7 - -2 - (1 + 3) - -5?
10
-58 - -20 - (-29 + 10)
-19
What is the value of (1 - -16) + (0 - (17 - 35) - 9)?
26
What is -9 - -16 - (4 + -12)?
15
What is -16 + (8 + 4 - -12)?
8
Calculate -3 + -12 + -9 + (6 - 3).
-21
-26 - ((-17 - 28) + 1)
18
What is the value of -15 - -14 - (-8 - (-6 - -4))?
5
Calculate 0 - (30 + 3 + -3) - (452 - 458).
-24
Calculate 2 - -5 - (-826 - -851).
-18
Evaluate 0 + 1 + -3 + (14 - -23 - 17).
18
Calculate 4 + 0 + (2 - -13 - 9).
10
What is -7 + (-7 - -18) + -28 + (-5 - -10)?
-19
What is -14 - (3 + (-12 - 5))?
0
What is (4 - (-7 + -2)) + (7 - 31)?
-11
What is (-5 - -3) + (212 - 191)?
19
What is the value of (0 - -8) + (-5 - 7)?
-4
Calculate 1 - -9 - ((-3 - -7) + -6).
12
Calculate 15 + (11 - 13) + -5.
8
Evaluate 10 - 2 - 6 - (-3 + 9).
-4
4 + (-6 - -13) + 0 + -14 + 3
0
4 - -3 - (-8 - (-7 - -15)) - 2
21
Evaluate (-11 + 19 + 9 - 15) + 1 + 14.
17
Calculate -9 - (12 + -5 + -4) - -10.
-2
Evaluate -12 - (12 - (57 + -33)).
0
Evaluate -41 + (40 - 14) + 32.
17
What is (13 - -1) + -255 + 247?
6
11 + 18 + 3 + -17 + 5
20
0 - ((-6 - (-14 - -8)) + 7)
-7
Evaluate 4 + 0 + -23 + (9 - -15) - 6.
-1
Calculate -2 - (13 + 0 + -13 + 0).
-2
What is the value of 15 + (-39 - (-22 - -12))?
-14
What is 14 + -74 + 66 + 1 + -2 + 1?
6
What is 160 + -192 + 2 + 12?
-18
What is the value of 15 + 0 + -267 + 257?
5
Calculate (-17 - -35) + -31 + 21 + -24.
-16
What is 8 + (6 - -12 - 16)?
10
What is the value of -3 + -2 + 36 - (4 + 5 - 0)?
22
Evaluate (4 - 14 - -16) + -14.
-8
Calculate 3 - -2 - (-5 - -26) - (-67 + 75).
-24
What is -16 + (-2 - -11) + 6?
-1
What is the value of -5 - (4 + -19) - (3 + -1 + 0)?
8
(16 - (-34 + 31)) + -23
-4
Evaluate -6 + (-2 - 0 - (33 - 37)).
-4
3 - (-10 + 34 + -35)
14
What is 7 + 6 + (-4 - ((2 - 12) + 5))?
14
What is the value of (-16 - (3 - (1 - (-6 - -3)))) + 6?
-9
Evaluate 1 - (9 - (-7 + 7 + 7 - 16)).
-17
What is the value of (-18 - -4) + -2 - (-9 + 1)?
-8
10 - (-3 + -14) - 34
-7
What is the value of (-3 - (-6 + 2 + -4)) + 0 + -5?
0
Calculate 4 + 1 - (1 + 1 + (-4 - 0)).
7
Calculate 13 + (-14 - 6 - -16).
9
What is the value of -5 + (-6 - (7 - 10 - (-5 - 0)))?
-13
What is (62 - 64 - (6 - 3)) + -20?
-25
1 - (-1 - (-9 - (-2 - -12)))
-17
Calculate -8 + (4 - (10 - (29 + -9))).
6
(-32 - -25) + 22 + -7
8
What is 21 - 0 - ((-2 + 5 - -9) + -4)?
13
Calculate -1 - -20 - (-1 + (-12 - (4 + -20))).
16
Calculate (17 - 59) + 51 - (0 - -9).
0
Calculate 1 - (-32 - -1) - (183 + -171).
20
Evaluate -1 + -10 - (66 + -69).
-8
Evaluate -31 + 41 + -36 + 14.
-12
2 + 5 + 8 + 13 + -23 + 3
8
What is -3 + 12 + -15 - (-2 + 3)?
-7
What is the value of (-11 - (-4 + -16) - 5 - -28) + -9?
23
Evaluate (12 + -12 - -13) + -5 + 0 + 13.
21
What is the value of 19 - (0 - (7 + -17 + 10 + -7))?
12
Calculate -12 - (-10 + (26 - 41)).
13
Evaluate 19 + (12 - (15 + 7)).
9
Evaluate 16 + 8 - ((-8 - -2) + 19).
11
Calculate (5 - 58) + 149 + -120.
-24
Evaluate -22 - 2 - (3 + 0) - (91 - 91).
-27
Evaluate 24 - (-4 + 1 - (-10 + -8)).
9
What is the value of (2 + -13 - (2 - -2)) + 2?
-13
What is the value of 16 + 29 - 78 - (0 + -11 + 1)?
-23
Calculate -10 - (9 - 49 - -15).
15
Calculate -5 + -7 + (2 - -8) - -14.
12
15 + -13 + (-10 - -9)
1
Calculate (3 - 3) + -3 - -8 - (-18 - -25).
-2
What is the value of 9 - (0 - -2 - -1 - (387 + -369))?
24
What is the value of 2 + -25 - ((-29 - -31) + 7 + -4)?
-28
What is the value of -107 + 86 + (4 - 1 - -1 - -4)?
-13
Calculate -28 + 22 + (-25 - -11) + 9.
-11
(19 + 1 - 24) + -2 + (0 - 2)
-8
Calculate (-11 - -4) + (26 - 16) - 15 - -24.
12
What is 1 + 5 + (9 - 7 - -6) + -5?
9
(1 - -4) + -17 - (-61 + 53)
-4
What is -5 - -2 - (2 - 4 - 1 - -3)?
-3
Calculate -4 + -2 - -1 - (7 + 0).
-12
Evaluate 5 - (-2 - 22 - (-3 + -6)).
20
What is the value of -38 + 67 - (31 + -2)?
0
Calculate 5 - (3 - 6 - 3 - -15).
-4
What is the value of -14 - (-16 + -5) - (3 + 0)?
4
What is -9 + (-17 - -8) + 25?
7
Evaluate 3 + -4 - (17 + 10 + (-52 - 17)).
41
Evaluate (7 - 13) + -12 + 20 + 1.
3
Evaluate 0 + -10 + 1 + -83 + 90.
-2
What is -77 - -69 - (-3 + -2 + (2 - -1))?
-6
What is the value of (8 - 16) + 8 - -8 - -7?
15
What is the value of -34 + -4 + 23 + 0?
-15
What is 2 + (-12 - -12 - 14) - 5?
-17
Evaluate 337 - 368 - ((-12 - -3) + 5).
-27
-29 - ((-61 - -32) + 4)
-4
Calculate -2 + 13 + 21 + (-64 - -30).
-2
What is the value of -31 - (-2 + -5 - 39)?
15
What is -8 + 3 + -2 - (76 + -66)?
-17
Evaluate (0 + 11 - 10 - 21) + (-2 - -11).
-11
1 + 0 + (-10 - -5 - (-5 - -5))
-4
What is (-1 - (1 - -3)) + (6 - (11 - 7))?
-3
What is -4 + 6 + 1 + -45 + 35?
-7
6 - 0 - (20 + 14 + -50)
22
What is the value of (1 - (0 + 2)) + (-6 - (36 + -50))?
7
Calculate -36 + 16 + 2 + -2.
-20
What is the value of 2 + (-7 + 22 + -10 - 20)?
-13
440 - 474 - (-2 - 15)
-17
What is the value of -11 + 1 + 13 + (-17 - (13 + -12))?
-15
Calculate -328 - -337 - (-5 - 0).
14
Evaluate -16 + (-1 + 20 - (5 - (12 - 17))).
-7
(11 - 6 - 21) + (24 - 3)
5
What is the value of -7 + -3 + (6 - (8 - 9) - 1)?
-4
What is the value of 35 + -50 + 1 + 52?
38
(1 - -12) + -15 + -12
-14
-18 + -16 - (-13 + 1) - -9
-13
What is the value of -16 - ((1 - 2) + -5 + 3 - 1)?
-12
-1 - ((10 - (10 + 5)) + -10)
14
0 - (3 - (4 - -5) - 2)
8
What is 4 - (15 - 15 - -3)?
1
Calculate 11 + 4 + -6 + -1.
8
What is the value of 8 + -13 + 16 + -1 + -5 + 10?
15
Calculate 59 - -1 - (486 + -452).
26
What is 8 + 4 + -23 + 10 + 25?
24
2 + (-5 - -2) - (-124 - -127)
-4
13 + 2 + (-15 - -12)
12
Calculate 3 - -2 - 23 - -6 - -15.
3
What is -10 - 3 - (7 + -12) - (2 + -30)?
20
Calculate -30 - (3 + -17 + 12 - (-8 - -17)).
-19
Calculate (-69 - (9 + -52)) + 63.
37
Calculate -38 - (-69 - -23) - (1 - (-1 - -1)).
7
What is 1 - 0 - (9 + -24 - -5)?
11
Evaluate 33 + -68 - -63 - 22.
6
What is 3 + -3 - 5 - (-24 + 29)?
-10
What is the value of 4 - 13 - -6 - (-19 - -1) - 1?
14
(52 - 50) + 5 + 4
11
Evaluate -1 + -4 - (6 - (3 - -3 - 4)).
-9
Calculate 0 + 1 + -25 + (23 - 27).
-28
18 + (-8 - -12) + -3
19
What is -23 - -17 - (18 + -27)?
3
What is 4 - ((18 - 2) + -26 + 4)?
10
What is -442 - -457 - (2 - -4)?
9
-2 + (-21 + 20 - (-9 - 0))
6
What is (-2 - -1 - (2 - 5) - 2) + 11?
11
What is (-2 - (-4 + -4)) + 4?
10
10 - (23 + 3) - 2
-18
Calculate 56 + -61 - (3 - 1).
-7
Evaluate 6 - (17 + 4 + -14).
-1
What is the value of (82 - (31 + 8)) + 1 + -15?
29
2 - -4 - -1 - (-14 + 32)
-11
Calculate -65 + 16 + 27 + -7 + 0.
-29
Calculate (-1 - (7 - (5 + -1))) + -8 + -2.
-14
Calculate 7 - 2 - (16 + -4) - -24.
17
What is the value of (0 + -8 - (-1 - 1)) + (260 - 245)?
9
What is the value of -7 - -14 - 9 - 15?
-17
Calculate (4 - 13) + 37 + -1 + 1 - 8.
20
What is the value of (5 - 3 - 8) + (3 - 0) - -14?
11
Evaluate 11 + -23 + 9 + 4.
1
Evaluate (-77 - (-26 - 7)) + 19.
-25
What is (1 - (-3 + 8)) + -5 + 14?
5
6 + (7 - (-1